der when 62 is divided by 6?
2
What is the remainder when 302 is divided by 253?
49
What is the remainder when 2816 is divided by 166?
160
What is the remainder when 138 is divided by 52?
34
What is the remainder when 477 is divided by 12?
9
Calculate the remainder when 286 is divided by 263.
23
What is the remainder when 129 is divided by 34?
27
Calculate the remainder when 207 is divided by 31.
21
What is the remainder when 227 is divided by 12?
11
Calculate the remainder when 2448 is divided by 12.
0
Calculate the remainder when 504 is divided by 156.
36
Calculate the remainder when 1366 is divided by 72.
70
What is the remainder when 15645 is divided by 54?
39
Calculate the remainder when 44 is divided by 44.
0
Calculate the remainder when 166 is divided by 95.
71
Calculate the remainder when 429 is divided by 18.
15
What is the remainder when 714 is divided by 105?
84
What is the remainder when 210 is divided by 55?
45
What is the remainder when 32 is divided by 3?
2
Calculate the remainder when 320 is divided by 19.
16
Calculate the remainder when 552 is divided by 16.
8
What is the remainder when 1434 is divided by 474?
12
Calculate the remainder when 111 is divided by 15.
6
What is the remainder when 435 is divided by 155?
125
What is the remainder when 216 is divided by 77?
62
Calculate the remainder when 269 is divided by 41.
23
Calculate the remainder when 166 is divided by 24.
22
Calculate the remainder when 93 is divided by 72.
21
Calculate the remainder when 92 is divided by 29.
5
What is the remainder when 747 is divided by 15?
12
Calculate the remainder when 50 is divided by 47.
3
Calculate the remainder when 2359 is divided by 118.
117
Calculate the remainder when 272 is divided by 115.
42
What is the remainder when 59 is divided by 15?
14
Calculate the remainder when 555 is divided by 18.
15
Calculate the remainder when 150 is divided by 52.
46
What is the remainder when 308 is divided by 35?
28
What is the remainder when 340 is divided by 1?
0
Calculate the remainder when 1154 is divided by 549.
56
Calculate the remainder when 717 is divided by 31.
4
Calculate the remainder when 259 is divided by 38.
31
Calculate the remainder when 1458 is divided by 242.
6
What is the remainder when 960 is divided by 21?
15
Calculate the remainder when 1391 is divided by 407.
170
Calculate the remainder when 226 is divided by 98.
30
What is the remainder when 178 is divided by 20?
18
Calculate the remainder when 8375 is divided by 59.
56
Calculate the remainder when 372 is divided by 19.
11
Calculate the remainder when 1177 is divided by 48.
25
Calculate the remainder when 17 is divided by 14.
3
What is the remainder when 528 is divided by 253?
22
Calculate the remainder when 925 is divided by 32.
29
Calculate the remainder when 9476 is divided by 13.
12
Calculate the remainder when 109 is divided by 39.
31
Calculate the remainder when 264 is divided by 44.
0
What is the remainder when 2055 is divided by 11?
9
What is the remainder when 3677 is divided by 1220?
17
Calculate the remainder when 39 is divided by 20.
19
What is the remainder when 863 is divided by 152?
103
What is the remainder when 100 is divided by 15?
10
Calculate the remainder when 338 is divided by 57.
53
What is the remainder when 18365 is divided by 328?
325
Calculate the remainder when 4791 is divided by 80.
71
What is the remainder when 43 is divided by 5?
3
Calculate the remainder when 213 is divided by 31.
27
What is the remainder when 1427 is divided by 51?
50
What is the remainder when 187 is divided by 21?
19
Calculate the remainder when 613 is divided by 213.
187
What is the remainder when 12931 is divided by 7?
2
Calculate the remainder when 6234 is divided by 297.
294
Calculate the remainder when 8259 is divided by 17.
14
What is the remainder when 1002 is divided by 5?
2
Calculate the remainder when 55 is divided by 19.
17
What is the remainder when 278 is divided by 92?
2
What is the remainder when 228 is divided by 79?
70
Calculate the remainder when 951 is divided by 316.
3
What is the remainder when 317 is divided by 109?
99
Calculate the remainder when 385 is divided by 133.
119
Calculate the remainder when 379 is divided by 92.
11
Calculate the remainder when 61 is divided by 26.
9
Calculate the remainder when 368 is divided by 122.
2
What is the remainder when 507 is divided by 161?
24
What is the remainder when 239 is divided by 3?
2
What is the remainder when 115 is divided by 24?
19
What is the remainder when 18185 is divided by 47?
43
Calculate the remainder when 4247 is divided by 69.
38
Calculate the remainder when 523 is divided by 58.
1
What is the remainder when 164 is divided by 20?
4
What is the remainder when 444 is divided by 113?
105
Calculate the remainder when 62 is divided by 3.
2
Calculate the remainder when 1075 is divided by 206.
45
Calculate the remainder when 316 is divided by 16.
12
What is the remainder when 145 is divided by 50?
45
Calculate the remainder when 105 is divided by 47.
11
Calculate the remainder when 377 is divided by 49.
34
Calculate the remainder when 480 is divided by 98.
88
What is the remainder when 3525 is divided by 40?
5
Calculate the remainder when 348 is divided by 16.
12
What is the remainder when 522 is divided by 71?
25
What is the remainder when 85 is divided by 23?
16
What is the remainder when 85 is divided by 18?
13
Calculate the remainder when 2045 is divided by 128.
125
Calculate the remainder when 483 is divided by 97.
95
What is the remainder when 795 is divided by 4?
3
What is the remainder when 673 is divided by 74?
7
What is the remainder when 674 is divided by 25?
24
What is the remainder when 81 is divided by 11?
4
Calculate the remainder when 1117 is divided by 56.
53
Calculate the remainder when 164 is divided by 44.
32
Calculate the remainder when 590 is divided by 148.
146
What is the remainder when 127 is divided by 6?
1
What is the remainder when 79830 is divided by 34?
32
Calculate the remainder when 78 is divided by 70.
8
What is the remainder when 137 is divided by 31?
13
What is the remainder when 2933 is divided by 70?
63
Calculate the remainder when 26 is divided by 13.
0
What is the remainder when 789 is divided by 186?
45
Calculate the remainder when 2110 is divided by 11.
9
Calculate the remainder when 457 is divided by 118.
103
Calculate the remainder when 10 is divided by 5.
0
What is the remainder when 49 is divided by 27?
22
What is the remainder when 157 is divided by 69?
19
Calculate the remainder when 80 is divided by 56.
24
What is the remainder when 2295 is divided by 1145?
5
What is the remainder when 672 is divided by 27?
24
What is the remainder when 125 is divided by 18?
17
What is the remainder when 113 is divided by 57?
56
What is the remainder when 63 is divided by 18?
9
What is the remainder when 868 is divided by 285?
13
What is the remainder when 13911 is divided by 120?
111
What is the remainder when 94 is divided by 12?
10
What is the remainder when 1296 is divided by 431?
3
What is the remainder when 363 is divided by 14?
13
What is the remainder when 78 is divided by 77?
1
What is the remainder when 184 is divided by 96?
88
What is the remainder when 2182 is divided by 27?
22
Calculate the remainder when 1858 is divided by 13.
12
What is the remainder when 302 is divided by 76?
74
What is the remainder when 149 is divided by 19?
16
Calculate the remainder when 64 is divided by 47.
17
Calculate the remainder when 23 is divided by 16.
7
Calculate the remainder when 1641 is divided by 6.
3
What is the remainder when 2505 is divided by 1250?
5
What is the remainder when 437 is divided by 114?
95
What is the remainder when 706 is divided by 22?
2
Calculate the remainder when 157 is divided by 23.
19
What is the remainder when 330 is divided by 169?
161
What is the remainder when 1510 is divided by 222?
178
What is the remainder when 5279 is divided by 176?
175
Calculate the remainder when 6967 is divided by 26.
25
Calculate the remainder when 95 is divided by 14.
11
Calculate the remainder when 313 is divided by 65.
53
What is the remainder when 17 is divided by 14?
3
What is the remainder when 194 is divided by 40?
34
What is the remainder when 85 is d